k - 2*k. Suppose 5 = 5*v - 4*u - t, -3*v + u = 4. Give i(v).
-4
Let n(s) = -11*s**3 - s. Let j(l) = -65*l**3 - 61*l**2 + 53*l + 65. Let k(h) = j(h) - 6*n(h). Determine k(60).
5
Let m(l) = -7*l - 4167 + 1403 + 1397 + 1383. Calculate m(24).
-152
Let u = 2 - 19. Let t(i) = 3*i - 47. Let x(k) be the second derivative of -k**3/6 + 8*k**2 + 602*k. Let q(z) = u*x(z) - 6*t(z). What is q(7)?
3
Let v(n) = n - 16. Suppose 4*t + 2*c = -0*c + 38, 2*c = 2*t - 34. Give v(t).
-4
Suppose 152 - 91 = z. Let v(a) = 2 - 65*a - z*a + 125*a. Determine v(-7).
9
Let s(i) = i**3 + 7*i**2 + 6*i + 7. Suppose -z + 22 = -2*u, -7*z + 3*z - 4*u = -52. Let n = z + -22. Determine s(n).
7
Let o(a) = -4*a**3 + 80*a**2 - 17*a + 4. Let s(j) = -2*j**3 + 37*j**2 - 8*j + 2. Let c(x) = -6*o(x) + 13*s(x). Let v = -4 - -5. Give c(v).
-1
Let f(p) = p - 3. Suppose 25 + 3 = 5*a - 2*b, 0 = 4*b - 4. Suppose -32 = -n + a. Let u = n + -34. What is f(u)?
1
Let x = 11 + -6. Let k(h) = -9*h**2 + 3*h**2 + 6 - 6*h + 12*h + 4*h**2. What is k(x)?
-14
Let h be -15*(-4 + 60/9 - 3). Suppose 4*o + 18 = 2*b, 19 = -3*b + 5*b - h*o. Let t(x) = -2 + 7*x**2 + 4 - 7*x + x**3 + 5 - 13*x**2. What is t(b)?
7
Suppose 2 = 3*n - 7. Let l(z) = 973 - 489 + 8*z - 488. Give l(n).
20
Let c(g) be the third derivative of 35*g**4/24 - 2*g**3/3 - 3*g**2 - 148*g. Determine c(1).
31
Let u = 27 + -33. Let n(h) = 2*h + 27. Let w(c) = -c - 14. Let a(y) = u*n(y) - 11*w(y). Let o = -285 - -281. Determine a(o).
-4
Let p(z) = 45*z - 9. Let h(k) = -22*k + 5. Let o(b) = -9*h(b) - 5*p(b). Suppose 16*i + 22 + 8 = 46. Give o(i).
-27
Let x(q) = q**2 - q. Let y(p) = 6*p**2 + p - 3. Let m(s) = 2*x(s) - y(s). Suppose -5*l + 4*j = -30, 57*j + 10 = 55*j. Calculate m(l).
-19
Suppose 4*v - 22*s - 666 = -20*s, -2*v - 3*s + 313 = 0. Let a = v + -158. Let b(i) = -i**3 + 4*i**2 + 5*i - 2. Determine b(a).
-44
Suppose d - 4*d + 24 = 0. Let p(r) = -8*r - 171. Let q be p(-33). Let f(g) = 6*g - 9*g**2 + g**3 + 2*g - 80 - q + 184. Give f(d).
11
Let b(v) = -14*v**2 + 12*v - 3. Let p(f) = 20*f**2 - 18*f + 5. Let d(l) = 13*b(l) + 9*p(l). What is d(-5)?
-14
Let i = 6 + -3. Let z(n) = 6*n + n**2 + i - 2*n**2 - 15*n. Let y be (-2 + 80/4)/(1 - 3). Calculate z(y).
3
Let v(f) = 14*f**2 + 4*f - 87. Let i(w) = 5*w**2 + 2*w - 37. Let d(o) = -7*i(o) + 3*v(o). Let a be -1 + 2 - (-1 + -1). Let h be a*((-2)/3)/(-1). What is d(h)?
22
Suppose -a - 5*y - 6 = a, -4*a + 2*y = -12. Suppose -42 = -17*d - 8. Let v(w) = -w + w**2 + 9 + w**a - 2*w**2 - w**d. Give v(0).
9
Let w(j) be the second derivative of 19*j**5/10 + j**3/6 - j**2 + 1324*j. What is w(1)?
37
Let w(f) = -42*f + 3. Let q(l) = 14*l - 1. Let p(v) = -17*q(v) - 6*w(v). Let b = -99 + 98. Determine p(b).
-15
Let o be -4 - (3 + -7 + (-1 - 3)). Let l(j) = j**3 - 5*j**2 - j + 14. Let b be l(o). Let w(c) = c**3 + 5*c**2 - 7*c - 9. Calculate w(b).
-3
Let p be 2*3*12/18. Suppose 22*r - 32*r = -250. Suppose -p*j + r = -7. Let n(v) = v. Calculate n(j).
8
Let a be (-4)/(-5)*30/12. Let b(c) = c - a + 24*c**2 - 31*c**2 + 9*c**2 - c**3. What is b(-2)?
12
Let m(x) = -x**2 - 8*x + 5. Suppose 1916 = 26*v + 2280. Give m(v).
-79
Let g(i) be the third derivative of -5/24*i**4 + 2*i + 23*i**2 - 1/60*i**5 + 7/6*i**3 + 0. Give g(-5).
7
Let x(p) = 44*p**3 - p**2 + 2*p - 1. Let l be x(1). Let w = l + -40. Suppose -4*q = -w*z, -41 = 5*z - 16. Let g(o) = -2*o - 5. What is g(q)?
5
Let y(a) = -2*a + 5. Suppose -89 = -40*d - 9. Let s(x) = x - 1. Let l(k) = d*y(k) + 9*s(k). Determine l(7).
36
Let h(v) = 6*v + 232. Let n(x) = x**3 - 42*x**2 + 311*x + 249. Let d be n(32). Determine h(d).
-2
Let c(v) = v**3 - 2*v**2 + 2*v + 1. Let l(k) = k**2 - 6*k + 7. Let x = 551 - 546. Let d be l(x). What is c(d)?
5
Suppose -2*w = 5*g - 4*g - 11, -5*g - 17 = -2*w. Let r(n) = n**3 - 2*n**2 - 25*n - 1. What is r(w)?
-7
Let d(q) be the first derivative of 4*q**2 + 3*q - 1. Let c = -159 + 180. Suppose c*a + 49 - 7 = 0. Determine d(a).
-13
Suppose r = -98 + 33. Let v be -1 + 0 + 4 + r/5. Let l(o) = -2*o + 2. Calculate l(v).
22
Let d(h) = 2*h**3 + 2*h**2 + 3*h + 2. Let g(x) = -3*x**3 - 3*x**2 - 5*x - 2. Let t(y) = 5*d(y) + 3*g(y). What is t(0)?
4
Let g = -1101 - -1096. Let w(i) = -22*i - 112. Give w(g).
-2
Suppose g = 5*q - 20, 35 = 9*g - 4*g + 2*q. Let n(p) = 1 + g*p**3 - 2*p + 1 - 4 - 6*p**3 - 6*p**2 + 3. Calculate n(-6).
13
Let o = 6466 + -19397/3. Let l(u) be the first derivative of 0*u + u**2 - o*u**3 + 21. Give l(2).
0
Let p(z) = 43*z**2 - 37*z + 23. Let b(k) = 10*k**2 - 9*k + 6. Let h(j) = -9*b(j) + 2*p(j). What is h(1)?
-5
Let h(b) = -15*b - 30. Suppose -3*t = -3*q - 48, -2*q + 36 = -3*t + 73. Calculate h(q).
135
Let z(n) be the first derivative of n**4/4 + 8*n**3/3 - n**2/2 - 2*n - 1. Suppose 4*o - 578 = 6*o + 4*j, 0 = -5*j + 20. Let p = -305 - o. What is z(p)?
6
Let q(k) = k**2 - 5*k - 5. Let d(n) = n**3 - 8*n**2 + 9*n - 10. Let g be d(7). Let r be (g/(-16))/((-2)/6)*8. Determine q(r).
1
Let l(q) = -2*q**2 + 17*q + 4. Let c be l(9). Let h(f) = 3*f - 3. Let p(i) = i - 1. Let z(j) = -h(j) - 2*p(j). Calculate z(c).
30
Let h(t) be the first derivative of -t**4/4 + 3*t**3 - 11*t**2/2 + 32*t + 124. Let y be h(8). Let a(c) = c**2 - 9*c + 1. Calculate a(y).
-7
Let w(u) = u - 1. Suppose 33*c - 41*c = -80. Suppose c = -5*o - 5, -2*q = o - 3. Calculate w(q).
2
Suppose 244 - 64 = 20*a. Let t(b) = -a - 10 + 4*b - 3*b + 19*b**2 + 6*b - 6*b - b**3. Determine t(19).
0
Let g(v) = 42 + 19*v + 9*v - 9*v + 28 + 4. What is g(-4)?
-2
Suppose -n + 1 = 3. Let y be 4 + (0 - 6) + 3. Let t(k) = -k - 1. Let b(z) = -5. Let w(c) = n*t(c) + y*b(c). Determine w(2).
1
Let t be 0 + 3 + (-7 - 14) + 14. Let s(g) = -10*g**2 - 42*g - 1. Give s(t).
7
Let f(z) = z - 58. Suppose -149*m = -151*m. Determine f(m).
-58
Let c = 75 + -71. Suppose -5*h - 23 = -2*o + 4*o, -16 = 4*h + c*o. Let s(m) = m**2 + 5*m + 1. Determine s(h).
1
Let i(v) = -3 + 4 + 11215469*v - 11215491*v. Let k be (3 - 1) + (-9)/3. Calculate i(k).
23
Let b(h) = 2*h**3 + 4*h**2 - 12*h + 39. Let u(i) = -5*i**3 - 7*i**2 + 29*i - 88. Let s(o) = 7*b(o) + 3*u(o). Determine s(7).
30
Let y(p) be the third derivative of p**5/6 + 7*p**4/3 - 19*p**3/6 + p**2 + 56*p. Let x be y(-6). Let a(r) = 2 - 2 - r. What is a(x)?
-5
Let u(q) be the second derivative of -q**3/3 + 11*q**2/2 - 7*q. Suppose -300*l = -78*l - 163 - 725. What is u(l)?
3
Let f(x) be the first derivative of x**4/4 + x**3 - x**2/2 + 3*x + 2. Let s be ((-30)/(-75))/(4/(-30)). Give f(s).
6
Suppose -96 - 54 = -3*o. Let t be ((-1)/2)/((-5)/o). Let r(y) = -3 + 18*y**3 + 4*y**2 + 5*y - 17*y**3 - t*y. Calculate r(-4).
-3
Let z(a) = 4*a - 17. Suppose 18 = -q - 2*c, q - 10*c + 6*c = -6. Give z(q).
-73
Let f = 1352 + -1366. Let s(u) = -u**2 - 16*u - 7. What is s(f)?
21
Let b be 42/((-85)/15 + 3 - -2). Let c = 56 + b. Let p(h) = h**2 + 8*h + 7. What is p(c)?
0
Let d(n) = -n**2 + 4. Let u(f) = f + 36 + f**2 - 11*f - 86. Let w be u(14). Determine d(w).
-32
Let w = 7 + -8. Let p(t) = 14*t - 17. Let j(f) = -40*f + 51. Let h(l) = -3*j(l) - 8*p(l). Let n(q) = -9*q + 14. Let d(u) = -5*h(u) - 6*n(u). Give d(w).
-13
Let l(s) be the third derivative of -s**5/120 - s**4/2 + 29*s**3/3 - 87*s**2. Let q(b) be the first derivative of l(b). What is q(-12)?
0
Suppose -2*o + 0*x - 3*x = -629, -5 = -x. Let b = 301 - o. Let m(f) = -f**2 - 10*f - 9. What is m(b)?
15
Let l(o) be the second derivative of -o**3/6 - 9*o**2 - 2216*o. Let j = 5 - 13. Determine l(j).
-10
Let i(g) be the second derivative of -g**5/60 + g**4/6 - g**3 + 48*g**2 - 2*g + 3. Let y(c) be the first derivative of i(c). Calculate y(5).
-11
Let d(m) be the third derivative of m**9/30240 + m**8/20160 + 71*m**5/20 + 104*m**2. Let h(k) be the third derivative of d(k). Give h(-2).
-12
Let q = 13 + -7. Let m(z) = 7*z + 3. Let g(h) = 13*h + 6. Let u(o) = q*g(o) - 11*m(o). Suppose -3*n + 32 - 32 = 0. Determine u(n).
3
Suppose a - 12 = -2*m, 3*m - 24 = -m + 3*a. Suppose -m*v + 38 = 8. Suppose d - 1 = -p - 0, 4*p - 1 = -v*d. Let k(z) = 2*z - 2. Calculate k(d).
-8
Let w(u) = -12*u - 19. Let y(l) = 40*l + 67. Let x(t) = 7*w(t) + 2*y(t). Calculate x(-2).
9
Let p(v) = 4*v. Suppose -20*d + 117 = -7*d. Let n be 0 + (d - 5) + (5 - 10). Calculate p(n).
-4
Let n(l) = -55*l - 50. Let m be n(-17). Let b = m + -889. Let a(h) = -5*h + 7. Determine a(b).
27
Let c(m) = 32*